{"id":168,"date":"2020-03-16T09:19:03","date_gmt":"2020-03-16T09:19:03","guid":{"rendered":"https:\/\/startersites.io\/blocksy\/modern-shop\/?post_type=product&#038;p=168"},"modified":"2025-08-26T12:17:37","modified_gmt":"2025-08-26T17:17:37","slug":"ornare-arcu-odio-utsem-nullapharetra-diam","status":"publish","type":"product","link":"https:\/\/monterosacoffeecol.com\/?product=ornare-arcu-odio-utsem-nullapharetra-diam","title":{"rendered":"Variedad Geisha 100 Gr Grano"},"content":{"rendered":"<p><strong>Variedad Geisha<\/strong><\/p>\n<p>La variedad m\u00e1s exclusiva del portafolio Monte Rosa. Reconocida mundialmente por su aroma floral y su perfil brillante con notas c\u00edtricas y dulces. Una experiencia \u00fanica en cada taza.<\/p>\n<ul>\n<li><strong>Aroma:<\/strong> Limoncillo, Rosas Frescas<\/li>\n<li><strong>Acidez<\/strong>: Brillante, Malica, Tartica<\/li>\n<li><strong>Cuerpo<\/strong>: Sedoso, Cremoso<\/li>\n<li><strong>Sabor<\/strong>: Guarapo de ca\u00f1a. Pimienta negra fresca<\/li>\n<li><strong>Sabor Residual<\/strong>: Fresco, muy arom\u00e1tico, residual menta<\/li>\n<li><strong>Residual<\/strong>: Limpio prolongado<\/li>\n<li><strong>Perfil<\/strong>: Limoncillo, T\u00e9 de dulce de leche, Guarapo de ca\u00f1a Aroma sutil a t\u00e9 blanco<\/li>\n<li><strong>Puntaje de cataci\u00f3n:<\/strong> 89,25<\/li>\n<\/ul>\n","protected":false},"excerpt":{"rendered":"<p><strong>Variedad Geisha<\/strong><\/p>\n<p>La variedad m\u00e1s exclusiva del portafolio Monte Rosa. Reconocida mundialmente por su aroma floral y su perfil brillante con notas c\u00edtricas y dulces. Una experiencia \u00fanica en cada taza.<\/p>\n<ul>\n<li><strong>Aroma:<\/strong> Limoncillo, Rosas Frescas<\/li>\n<li><strong>Acidez<\/strong>: Brillante, Malica, Tartica<\/li>\n<li><strong>Cuerpo<\/strong>: Sedoso, Cremoso<\/li>\n<li><strong>Sabor<\/strong>: Guarapo de ca\u00f1a. Pimienta negra fresca<\/li>\n<li><strong>Sabor Residual<\/strong>: Fresco, muy arom\u00e1tico, residual menta<\/li>\n<li><strong>Residual<\/strong>: Limpio prolongado<\/li>\n<li><strong>Perfil<\/strong>: Limoncillo, T\u00e9 de dulce de leche, Guarapo de ca\u00f1a Aroma sutil a t\u00e9 blanco<\/li>\n<li><strong>Puntaje de cataci\u00f3n:<\/strong> 89,25<\/li>\n<\/ul>\n","protected":false},"featured_media":601,"comment_status":"open","ping_status":"closed","template":"","meta":{"_joinchat":[]},"product_brand":[],"product_cat":[33],"product_tag":[],"class_list":{"0":"post-168","1":"product","2":"type-product","3":"status-publish","4":"has-post-thumbnail","6":"product_cat-variedad-geisha","8":"first","9":"onbackorder","10":"sale","11":"taxable","12":"shipping-taxable","13":"purchasable","14":"product-type-simple"},"jetpack_sharing_enabled":true,"_links":{"self":[{"href":"https:\/\/monterosacoffeecol.com\/index.php?rest_route=\/wp\/v2\/product\/168","targetHints":{"allow":["GET"]}}],"collection":[{"href":"https:\/\/monterosacoffeecol.com\/index.php?rest_route=\/wp\/v2\/product"}],"about":[{"href":"https:\/\/monterosacoffeecol.com\/index.php?rest_route=\/wp\/v2\/types\/product"}],"replies":[{"embeddable":true,"href":"https:\/\/monterosacoffeecol.com\/index.php?rest_route=%2Fwp%2Fv2%2Fcomments&post=168"}],"wp:featuredmedia":[{"embeddable":true,"href":"https:\/\/monterosacoffeecol.com\/index.php?rest_route=\/wp\/v2\/media\/601"}],"wp:attachment":[{"href":"https:\/\/monterosacoffeecol.com\/index.php?rest_route=%2Fwp%2Fv2%2Fmedia&parent=168"}],"wp:term":[{"taxonomy":"product_brand","embeddable":true,"href":"https:\/\/monterosacoffeecol.com\/index.php?rest_route=%2Fwp%2Fv2%2Fproduct_brand&post=168"},{"taxonomy":"product_cat","embeddable":true,"href":"https:\/\/monterosacoffeecol.com\/index.php?rest_route=%2Fwp%2Fv2%2Fproduct_cat&post=168"},{"taxonomy":"product_tag","embeddable":true,"href":"https:\/\/monterosacoffeecol.com\/index.php?rest_route=%2Fwp%2Fv2%2Fproduct_tag&post=168"}],"curies":[{"name":"wp","href":"https:\/\/api.w.org\/{rel}","templated":true}]}}