{"id":966,"date":"2025-08-28T17:12:00","date_gmt":"2025-08-28T22:12:00","guid":{"rendered":"https:\/\/monterosacoffeecol.com\/?page_id=966"},"modified":"2025-10-07T20:30:53","modified_gmt":"2025-10-08T01:30:53","slug":"filtros","status":"publish","type":"page","link":"https:\/\/monterosacoffeecol.com\/?page_id=966","title":{"rendered":"Otros m\u00e9todos y filtros"},"content":{"rendered":"\n<blockquote class=\"wp-block-quote is-layout-flow wp-block-quote-is-layout-flow\">\n<p><\/p>\n<\/blockquote>\n\n\n\n<div class=\"wp-block-cover alignfull is-light\"><img loading=\"lazy\" decoding=\"async\" width=\"864\" height=\"1184\" class=\"wp-block-cover__image-background wp-image-1106 size-full\" alt=\"\" src=\"https:\/\/monterosacoffeecol.com\/wp-content\/uploads\/2025\/10\/39-2.png\" data-object-fit=\"cover\" srcset=\"https:\/\/monterosacoffeecol.com\/wp-content\/uploads\/2025\/10\/39-2.png 864w, https:\/\/monterosacoffeecol.com\/wp-content\/uploads\/2025\/10\/39-2-219x300.png 219w, https:\/\/monterosacoffeecol.com\/wp-content\/uploads\/2025\/10\/39-2-747x1024.png 747w, https:\/\/monterosacoffeecol.com\/wp-content\/uploads\/2025\/10\/39-2-768x1052.png 768w, https:\/\/monterosacoffeecol.com\/wp-content\/uploads\/2025\/10\/39-2-300x411.png 300w, https:\/\/monterosacoffeecol.com\/wp-content\/uploads\/2025\/10\/39-2-600x822.png 600w\" sizes=\"auto, (max-width: 864px) 100vw, 864px\" \/><span aria-hidden=\"true\" class=\"wp-block-cover__background has-background-dim\" style=\"background-color:#979081\"><\/span><div class=\"wp-block-cover__inner-container is-layout-flow wp-block-cover-is-layout-flow\">\n<div class=\"wp-block-group alignfull is-layout-constrained wp-block-group-is-layout-constrained\">\n<h1 class=\"wp-block-heading\"><span style=\"color: #eee7e7;\" class=\"stk-highlight\">Caf\u00e9 Monte Rosa<\/span><\/h1>\n\n\n\n<div class=\"wp-block-stackable-heading stk-block-heading stk-block-heading--v2 stk-block stk-f609ca9\" id=\"metodos-de-preparacion\" data-block-id=\"f609ca9\"><h2 class=\"stk-block-heading__text\">M\u00e9todos de preparaci\u00f3n<\/h2><\/div>\n\n\n\n<div class=\"wp-block-buttons is-layout-flex wp-block-buttons-is-layout-flex\">\n<div class=\"wp-block-button\"><a class=\"wp-block-button__link wp-element-button\" href=\"https:\/\/monterosacoffeecol.com\/?product_cat=variedad-bourbon-rosado\">Comprar ahora<\/a><\/div>\n\n\n\n<div class=\"wp-block-button\"><a class=\"wp-block-button__link wp-element-button\" href=\"https:\/\/monterosacoffeecol.com\/?page_id=758\">Conoce nuestros m\u00e9todos<\/a><\/div>\n<\/div>\n<\/div>\n<\/div><\/div>\n\n\n\n<div class=\"wp-block-stackable-divider stk-block-divider stk-block stk-147f1fc\" data-block-id=\"147f1fc\"><hr class=\"stk-block-divider__hr\"\/><\/div>\n\n\n\n<div class=\"wp-block-stackable-heading stk-block-heading stk-block-heading--v2 stk-block stk-4db4440\" id=\"otros-metodos-y-filtros\" data-block-id=\"4db4440\"><h2 class=\"stk-block-heading__text has-text-align-center\">Otros m\u00e9todos y filtros<\/h2><\/div>\n\n\n\n<blockquote class=\"wp-block-quote has-text-align-center is-layout-flow wp-block-quote-is-layout-flow\">\n<p class=\"has-text-align-left\">Adem\u00e1s de los m\u00e9todos m\u00e1s conocidos, existen alternativas que permiten descubrir nuevas texturas, aromas y experiencias en cada taza de caf\u00e9:<\/p>\n\n\n\n<p class=\"has-text-align-left\"><em>de papel<\/em> \u2192 taza ligera y limpia, con notas brillantes.<\/p>\n\n\n\n<p class=\"has-text-align-left\"><strong>Syphon (sif\u00f3n japon\u00e9s)<\/strong> \u2192 una preparaci\u00f3n visualmente sorprendente, con un perfil arom\u00e1tico y muy limpio.<\/p>\n\n\n\n<p class=\"has-text-align-left\"><strong>Kalita Wave<\/strong> \u2192 m\u00e9todo de goteo con fondo plano, que logra una extracci\u00f3n uniforme y balanceada.<\/p>\n\n\n\n<p class=\"has-text-align-left\"><strong>Cl\u00e9v\u00e9r Dripper<\/strong> \u2192 combina el control del pour over con el cuerpo de la prensa francesa.<\/p>\n\n\n\n<p class=\"has-text-align-left\"><strong>Cold Drip<\/strong> \u2192 extracci\u00f3n lenta gota a gota con agua fr\u00eda, ideal para un caf\u00e9 suave y concentrado.                                                                                                                 <\/p>\n\n\n\n<p class=\"has-text-align-left\"><strong>Server <\/strong>\u2192 Es un recipiente especial (t\u00e9rmico o de vidrio) dise\u00f1ado para <strong>recibir y mantener el caf\u00e9 preparado<\/strong> desde un m\u00e9todo como V60, Chemex o m\u00e1quina de filtro.<\/p>\n\n\n\n<p><\/p>\n\n\n\n<p><\/p>\n\n\n\n<p class=\"has-text-align-left\"><strong>filtros especiales<\/strong>:<\/p>\n\n\n\n<p class=\"has-text-align-left\"><em>Met\u00e1lico<\/em> \u2192 conserva aceites y da m\u00e1s cuerpo.<\/p>\n\n\n\n<p class=\"has-text-align-left\"><em>De tela<\/em> \u2192 estilo artesanal y tradicional.<\/p>\n<\/blockquote>\n\n\n\n<div class=\"wp-block-stackable-separator alignfull stk-block-separator stk--no-padding stk-block stk-a1d342f\" data-block-id=\"a1d342f\"><div class=\"stk-block-separator__inner\"><svg xmlns=\"http:\/\/www.w3.org\/2000\/svg\" viewBox=\"0 0 1600 200\" class=\"stk-separator__layer-1\" preserveAspectRatio=\"none\" aria-hidden=\"true\"><path class=\"wave-1_svg__st2\" d=\"M1341.4 48.9c-182.4 0-254.2 80.4-429.4 80.4-117.8 0-209.7-67.5-393.5-67.5-142.2 0-212.6 38.8-324.6 38.8S-10 64.7-10 64.7V210h1620V102c-110.6-40.2-181-53.1-268.6-53.1z\"><\/path><\/svg><\/div><\/div>\n\n\n\n<div class=\"wp-block-stackable-heading stk-block-heading stk-block-heading--v2 stk-block stk-815344a\" id=\"heading-placeholder\" data-block-id=\"815344a\"><style>.stk-815344a .stk-block-heading__bottom-line{height:2px !important;margin-top:21px !important;margin-left:auto !important;margin-right:auto !important;}<\/style><h2 class=\"stk-block-heading__text has-text-align-center\">Otros Metodos<\/h2><div class=\"stk-block-heading__bottom-line\"><\/div><\/div>\n\n\n\n<div class=\"wp-block-stackable-carousel stk-block-carousel stk--is-slide stk--arrows-justify-space-between stk--arrows-align-center stk-block stk-a5e0694\" data-slides-to-show=\"3\" data-block-id=\"a5e0694\"><style>.stk-a5e0694 {--slides-to-show:3 !important;}@media screen and (max-width:689px){.stk-a5e0694 {--slides-to-show:1 !important;}}<\/style><div class=\"stk-block-carousel__content-wrapper\"><div class=\"stk-row stk-inner-blocks stk-block-content stk-block-carousel__slider-wrapper stk-content-align stk-a5e0694-column\"><div class=\"stk-block-carousel__slider\" role=\"list\" data-autoplay=\"4000\" data-label-slide-of=\"Slide %%d of %%d\" tabindex=\"0\">\n<div class=\"wp-block-stackable-column stk-block-column stk-column stk-block stk-cd5e0cf\" data-v=\"4\" data-block-id=\"cd5e0cf\"><div class=\"stk-column-wrapper stk-block-column__content stk-container stk-cd5e0cf-container stk-hover-parent\"><div class=\"stk-block-content stk-inner-blocks stk-cd5e0cf-inner-blocks\">\n<div class=\"wp-block-stackable-image stk-block-image stk-block stk-cecfc31\" data-block-id=\"cecfc31\"><figure><span class=\"stk-img-wrapper stk-image--shape-stretch\"><img loading=\"lazy\" decoding=\"async\" class=\"stk-img wp-image-1241\" src=\"https:\/\/monterosacoffeecol.com\/wp-content\/uploads\/2025\/10\/Captura-de-pantalla-2025-10-07-190613.png\" width=\"398\" height=\"477\" srcset=\"https:\/\/monterosacoffeecol.com\/wp-content\/uploads\/2025\/10\/Captura-de-pantalla-2025-10-07-190613.png 398w, https:\/\/monterosacoffeecol.com\/wp-content\/uploads\/2025\/10\/Captura-de-pantalla-2025-10-07-190613-250x300.png 250w, https:\/\/monterosacoffeecol.com\/wp-content\/uploads\/2025\/10\/Captura-de-pantalla-2025-10-07-190613-300x360.png 300w\" sizes=\"auto, (max-width: 398px) 100vw, 398px\" \/><\/span><\/figure><\/div>\n\n\n\n<div class=\"wp-block-stackable-heading stk-block-heading stk-block-heading--v2 stk-block stk-a0ca848\" id=\"title-1-placeholder\" data-block-id=\"a0ca848\"><style>.stk-a0ca848 .stk-block-heading__text{font-weight:bold !important;}<\/style><h3 class=\"stk-block-heading__text has-text-align-center\">Aereopress \u2013 4 tazas<\/h3><\/div>\n\n\n\n<div class=\"wp-block-buttons alignwide is-content-justification-center is-layout-flex wp-container-core-buttons-is-layout-a89b3969 wp-block-buttons-is-layout-flex\">\n<div class=\"wp-block-button\"><a class=\"wp-block-button__link wp-element-button\" href=\"https:\/\/monterosacoffeecol.com\/?product=aereopress-4-tazas\">Comprar ahora<\/a><\/div>\n<\/div>\n<\/div><\/div><\/div>\n\n\n\n<div class=\"wp-block-stackable-column stk-block-column stk-column stk-block stk-3c272e3\" data-v=\"4\" data-block-id=\"3c272e3\"><div class=\"stk-column-wrapper stk-block-column__content stk-container stk-3c272e3-container stk-hover-parent\"><div class=\"stk-block-content stk-inner-blocks stk-3c272e3-inner-blocks\">\n<div class=\"wp-block-stackable-image stk-block-image stk-block stk-2aa0fa3\" data-block-id=\"2aa0fa3\"><figure><span class=\"stk-img-wrapper stk-image--shape-stretch\"><img loading=\"lazy\" decoding=\"async\" class=\"stk-img wp-image-568\" src=\"https:\/\/monterosacoffeecol.com\/wp-content\/uploads\/2025\/08\/coffee-5355428_1280.jpg\" width=\"1280\" height=\"851\" srcset=\"https:\/\/monterosacoffeecol.com\/wp-content\/uploads\/2025\/08\/coffee-5355428_1280.jpg 1280w, https:\/\/monterosacoffeecol.com\/wp-content\/uploads\/2025\/08\/coffee-5355428_1280-600x399.jpg 600w, https:\/\/monterosacoffeecol.com\/wp-content\/uploads\/2025\/08\/coffee-5355428_1280-300x199.jpg 300w, https:\/\/monterosacoffeecol.com\/wp-content\/uploads\/2025\/08\/coffee-5355428_1280-1024x681.jpg 1024w, https:\/\/monterosacoffeecol.com\/wp-content\/uploads\/2025\/08\/coffee-5355428_1280-768x511.jpg 768w\" sizes=\"auto, (max-width: 1280px) 100vw, 1280px\" \/><\/span><\/figure><\/div>\n\n\n\n<div class=\"wp-block-stackable-heading stk-block-heading stk-block-heading--v2 stk-block stk-b83993a\" id=\"title-2-placeholder\" data-block-id=\"b83993a\"><style>.stk-b83993a .stk-block-heading__text{font-weight:bold !important;}<\/style><h3 class=\"stk-block-heading__text has-text-align-center\">Variedad Bourbon Rosado<\/h3><\/div>\n\n\n\n<div class=\"wp-block-buttons is-content-justification-center is-layout-flex wp-container-core-buttons-is-layout-a89b3969 wp-block-buttons-is-layout-flex\">\n<div class=\"wp-block-button\"><a class=\"wp-block-button__link wp-element-button\" href=\"https:\/\/monterosacoffeecol.com\/?product_cat=variedad-bourbon-rosado\">Comprar ahora<\/a><\/div>\n<\/div>\n<\/div><\/div><\/div>\n\n\n\n<div class=\"wp-block-stackable-column stk-block-column stk-column stk-block stk-389d8df\" data-v=\"4\" data-block-id=\"389d8df\"><div class=\"stk-column-wrapper stk-block-column__content stk-container stk-389d8df-container stk-hover-parent\"><div class=\"stk-block-content stk-inner-blocks stk-389d8df-inner-blocks\">\n<div class=\"wp-block-stackable-image stk-block-image stk-block stk-e1a5d42\" data-block-id=\"e1a5d42\"><style>.stk-e1a5d42 .stk-img-wrapper{width:358px !important;}<\/style><figure><span class=\"stk-img-wrapper stk-image--shape-stretch\"><img loading=\"lazy\" decoding=\"async\" class=\"stk-img wp-image-1246\" src=\"https:\/\/monterosacoffeecol.com\/wp-content\/uploads\/2025\/10\/Captura-de-pantalla-2025-10-07-190905.png\" width=\"626\" height=\"713\" srcset=\"https:\/\/monterosacoffeecol.com\/wp-content\/uploads\/2025\/10\/Captura-de-pantalla-2025-10-07-190905.png 626w, https:\/\/monterosacoffeecol.com\/wp-content\/uploads\/2025\/10\/Captura-de-pantalla-2025-10-07-190905-263x300.png 263w, https:\/\/monterosacoffeecol.com\/wp-content\/uploads\/2025\/10\/Captura-de-pantalla-2025-10-07-190905-300x342.png 300w, https:\/\/monterosacoffeecol.com\/wp-content\/uploads\/2025\/10\/Captura-de-pantalla-2025-10-07-190905-600x683.png 600w\" sizes=\"auto, (max-width: 626px) 100vw, 626px\" \/><\/span><\/figure><\/div>\n\n\n\n<div class=\"wp-block-stackable-heading stk-block-heading stk-block-heading--v2 stk-block stk-56cfaa1\" id=\"title-3-placeholder\" data-block-id=\"56cfaa1\"><style>.stk-56cfaa1 .stk-block-heading__text{font-weight:bold !important;}<\/style><h3 class=\"stk-block-heading__text has-text-align-center\">Yuro- Press<br><\/h3><\/div>\n\n\n\n<div class=\"wp-block-buttons is-content-justification-center is-layout-flex wp-container-core-buttons-is-layout-a89b3969 wp-block-buttons-is-layout-flex\">\n<div class=\"wp-block-button\"><a class=\"wp-block-button__link wp-element-button\" href=\"https:\/\/monterosacoffeecol.com\/?product=yuro-press\">Comprar ahora<\/a><\/div>\n<\/div>\n<\/div><\/div><\/div>\n\n\n\n<div class=\"wp-block-stackable-column stk-block-column stk-column stk-block stk-afa2cc8\" data-v=\"4\" data-block-id=\"afa2cc8\"><div class=\"stk-column-wrapper stk-block-column__content stk-container stk-afa2cc8-container stk-hover-parent\"><div class=\"stk-block-content stk-inner-blocks stk-afa2cc8-inner-blocks\">\n<div class=\"wp-block-stackable-image stk-block-image stk-block stk-d2d35ac\" data-block-id=\"d2d35ac\"><style>.stk-d2d35ac .stk-img-wrapper{width:358px !important;}<\/style><figure><span class=\"stk-img-wrapper stk-image--shape-stretch\"><img loading=\"lazy\" decoding=\"async\" class=\"stk-img wp-image-762\" src=\"https:\/\/monterosacoffeecol.com\/wp-content\/uploads\/2025\/08\/Caturra.jpg\" width=\"531\" height=\"444\" srcset=\"https:\/\/monterosacoffeecol.com\/wp-content\/uploads\/2025\/08\/Caturra.jpg 531w, https:\/\/monterosacoffeecol.com\/wp-content\/uploads\/2025\/08\/Caturra-300x251.jpg 300w\" sizes=\"auto, (max-width: 531px) 100vw, 531px\" \/><\/span><\/figure><\/div>\n\n\n\n<div class=\"wp-block-stackable-heading stk-block-heading stk-block-heading--v2 stk-block stk-6d8658d\" id=\"title-3-placeholder\" data-block-id=\"6d8658d\"><style>.stk-6d8658d .stk-block-heading__text{font-weight:bold !important;}<\/style><h3 class=\"stk-block-heading__text has-text-align-center\">Variedad Caturra<\/h3><\/div>\n\n\n\n<div class=\"wp-block-buttons is-content-justification-center is-layout-flex wp-container-core-buttons-is-layout-a89b3969 wp-block-buttons-is-layout-flex\">\n<div class=\"wp-block-button\"><a class=\"wp-block-button__link wp-element-button\" href=\"https:\/\/monterosacoffeecol.com\/?product_cat=variedad-caturra\">Comprar ahora<\/a><\/div>\n<\/div>\n<\/div><\/div><\/div>\n\n\n\n<div class=\"wp-block-stackable-column stk-block-column stk-column stk-block stk-8f94d52\" data-v=\"4\" data-block-id=\"8f94d52\"><div class=\"stk-column-wrapper stk-block-column__content stk-container stk-8f94d52-container stk-hover-parent\"><div class=\"stk-block-content stk-inner-blocks stk-8f94d52-inner-blocks\">\n<div class=\"wp-block-stackable-image stk-block-image stk-block stk-e870481\" data-block-id=\"e870481\"><style>.stk-e870481 .stk-img-wrapper{width:358px !important;}<\/style><figure><span class=\"stk-img-wrapper stk-image--shape-stretch\"><img loading=\"lazy\" decoding=\"async\" class=\"stk-img wp-image-1248\" src=\"https:\/\/monterosacoffeecol.com\/wp-content\/uploads\/2025\/10\/Captura-de-pantalla-2025-10-07-191041.png\" width=\"415\" height=\"577\" srcset=\"https:\/\/monterosacoffeecol.com\/wp-content\/uploads\/2025\/10\/Captura-de-pantalla-2025-10-07-191041.png 415w, https:\/\/monterosacoffeecol.com\/wp-content\/uploads\/2025\/10\/Captura-de-pantalla-2025-10-07-191041-216x300.png 216w, https:\/\/monterosacoffeecol.com\/wp-content\/uploads\/2025\/10\/Captura-de-pantalla-2025-10-07-191041-300x417.png 300w\" sizes=\"auto, (max-width: 415px) 100vw, 415px\" \/><\/span><\/figure><\/div>\n\n\n\n<div class=\"wp-block-stackable-heading stk-block-heading stk-block-heading--v2 stk-block stk-3c6cacd\" id=\"title-3-placeholder\" data-block-id=\"3c6cacd\"><style>.stk-3c6cacd .stk-block-heading__text{font-weight:bold !important;}<\/style><h3 class=\"stk-block-heading__text has-text-align-center\">AereoPress Original<\/h3><\/div>\n\n\n\n<div class=\"wp-block-buttons is-content-justification-center is-layout-flex wp-container-core-buttons-is-layout-a89b3969 wp-block-buttons-is-layout-flex\">\n<div class=\"wp-block-button\"><a class=\"wp-block-button__link wp-element-button\" href=\"https:\/\/monterosacoffeecol.com\/?product=aereopress-original\">Comprar ahora<\/a><\/div>\n<\/div>\n<\/div><\/div><\/div>\n\n\n\n<div class=\"wp-block-stackable-column stk-block-column stk-column stk-block stk-4900376\" data-v=\"4\" data-block-id=\"4900376\"><div class=\"stk-column-wrapper stk-block-column__content stk-container stk-4900376-container stk-hover-parent\"><div class=\"stk-block-content stk-inner-blocks stk-4900376-inner-blocks\">\n<div class=\"wp-block-stackable-image stk-block-image stk-block stk-4250459\" data-block-id=\"4250459\"><style>.stk-4250459 .stk-img-wrapper{height:200px !important;}<\/style><figure><span class=\"stk-img-wrapper stk-image--shape-stretch\"><img loading=\"lazy\" decoding=\"async\" class=\"stk-img wp-image-641\" src=\"https:\/\/monterosacoffeecol.com\/wp-content\/uploads\/2020\/03\/nathan-dumlao-PDipEilB0b8-unsplash-scaled.jpg\" width=\"1708\" height=\"2560\" srcset=\"https:\/\/monterosacoffeecol.com\/wp-content\/uploads\/2020\/03\/nathan-dumlao-PDipEilB0b8-unsplash-scaled.jpg 1708w, https:\/\/monterosacoffeecol.com\/wp-content\/uploads\/2020\/03\/nathan-dumlao-PDipEilB0b8-unsplash-200x300.jpg 200w, https:\/\/monterosacoffeecol.com\/wp-content\/uploads\/2020\/03\/nathan-dumlao-PDipEilB0b8-unsplash-683x1024.jpg 683w, https:\/\/monterosacoffeecol.com\/wp-content\/uploads\/2020\/03\/nathan-dumlao-PDipEilB0b8-unsplash-768x1151.jpg 768w, https:\/\/monterosacoffeecol.com\/wp-content\/uploads\/2020\/03\/nathan-dumlao-PDipEilB0b8-unsplash-1025x1536.jpg 1025w, https:\/\/monterosacoffeecol.com\/wp-content\/uploads\/2020\/03\/nathan-dumlao-PDipEilB0b8-unsplash-1366x2048.jpg 1366w, https:\/\/monterosacoffeecol.com\/wp-content\/uploads\/2020\/03\/nathan-dumlao-PDipEilB0b8-unsplash-300x450.jpg 300w, https:\/\/monterosacoffeecol.com\/wp-content\/uploads\/2020\/03\/nathan-dumlao-PDipEilB0b8-unsplash-600x900.jpg 600w\" sizes=\"auto, (max-width: 1708px) 100vw, 1708px\" \/><\/span><\/figure><\/div>\n\n\n\n<div class=\"wp-block-stackable-heading stk-block-heading stk-block-heading--v2 stk-block stk-21700a5\" id=\"title-3-placeholder\" data-block-id=\"21700a5\"><style>.stk-21700a5 .stk-block-heading__text{font-weight:bold !important;}<\/style><h3 class=\"stk-block-heading__text has-text-align-center\">Variedad Colombia<\/h3><\/div>\n\n\n\n<div class=\"wp-block-buttons is-content-justification-center is-layout-flex wp-container-core-buttons-is-layout-a89b3969 wp-block-buttons-is-layout-flex\">\n<div class=\"wp-block-button\"><a class=\"wp-block-button__link wp-element-button\" href=\"https:\/\/monterosacoffeecol.com\/?product_cat=variedad-colombia\">Comprar ahora<\/a><\/div>\n<\/div>\n<\/div><\/div><\/div>\n\n\n\n<div class=\"wp-block-stackable-column stk-block-column stk-column stk-block stk-18487e0\" data-v=\"4\" data-block-id=\"18487e0\"><div class=\"stk-column-wrapper stk-block-column__content stk-container stk-18487e0-container stk-hover-parent\"><div class=\"stk-block-content stk-inner-blocks stk-18487e0-inner-blocks\">\n<div class=\"wp-block-stackable-image stk-block-image stk-block stk-547bb08\" data-block-id=\"547bb08\"><style>.stk-547bb08 .stk-img-wrapper{width:350px !important;height:450px !important;}<\/style><figure><span class=\"stk-img-wrapper stk-image--shape-stretch\"><img loading=\"lazy\" decoding=\"async\" class=\"stk-img wp-image-1250\" src=\"https:\/\/monterosacoffeecol.com\/wp-content\/uploads\/2025\/10\/Captura-de-pantalla-2025-10-07-191245.png\" width=\"573\" height=\"577\" srcset=\"https:\/\/monterosacoffeecol.com\/wp-content\/uploads\/2025\/10\/Captura-de-pantalla-2025-10-07-191245.png 573w, https:\/\/monterosacoffeecol.com\/wp-content\/uploads\/2025\/10\/Captura-de-pantalla-2025-10-07-191245-298x300.png 298w, https:\/\/monterosacoffeecol.com\/wp-content\/uploads\/2025\/10\/Captura-de-pantalla-2025-10-07-191245-150x150.png 150w, https:\/\/monterosacoffeecol.com\/wp-content\/uploads\/2025\/10\/Captura-de-pantalla-2025-10-07-191245-300x302.png 300w, https:\/\/monterosacoffeecol.com\/wp-content\/uploads\/2025\/10\/Captura-de-pantalla-2025-10-07-191245-100x100.png 100w\" sizes=\"auto, (max-width: 573px) 100vw, 573px\" \/><\/span><\/figure><\/div>\n\n\n\n<div class=\"wp-block-stackable-heading stk-block-heading stk-block-heading--v2 stk-block stk-ae05204\" id=\"title-3-placeholder\" data-block-id=\"ae05204\"><style>.stk-ae05204 .stk-block-heading__text{font-weight:bold !important;}<\/style><h3 class=\"stk-block-heading__text has-text-align-center\">AeropressGO<\/h3><\/div>\n\n\n\n<div class=\"wp-block-buttons is-content-justification-center is-layout-flex wp-container-core-buttons-is-layout-a89b3969 wp-block-buttons-is-layout-flex\">\n<div class=\"wp-block-button\"><a class=\"wp-block-button__link wp-element-button\" href=\"https:\/\/monterosacoffeecol.com\/?product=aeropressgo\">Comprar ahora<\/a><\/div>\n<\/div>\n<\/div><\/div><\/div>\n\n\n\n<div class=\"wp-block-stackable-column stk-block-column stk-column stk-block stk-bec0435\" data-v=\"4\" data-block-id=\"bec0435\"><div class=\"stk-column-wrapper stk-block-column__content stk-container stk-bec0435-container stk-hover-parent\"><div class=\"stk-block-content stk-inner-blocks stk-bec0435-inner-blocks\">\n<div class=\"wp-block-stackable-image stk-block-image stk-block stk-b1a7ee1\" data-block-id=\"b1a7ee1\"><style>.stk-b1a7ee1 .stk-img-wrapper{width:358px !important;}<\/style><figure><span class=\"stk-img-wrapper stk-image--shape-stretch\"><img loading=\"lazy\" decoding=\"async\" class=\"stk-img wp-image-582\" src=\"https:\/\/monterosacoffeecol.com\/wp-content\/uploads\/2025\/08\/image.png\" width=\"1125\" height=\"750\" srcset=\"https:\/\/monterosacoffeecol.com\/wp-content\/uploads\/2025\/08\/image.png 1125w, https:\/\/monterosacoffeecol.com\/wp-content\/uploads\/2025\/08\/image-600x400.png 600w, https:\/\/monterosacoffeecol.com\/wp-content\/uploads\/2025\/08\/image-300x200.png 300w, https:\/\/monterosacoffeecol.com\/wp-content\/uploads\/2025\/08\/image-1024x683.png 1024w, https:\/\/monterosacoffeecol.com\/wp-content\/uploads\/2025\/08\/image-768x512.png 768w\" sizes=\"auto, (max-width: 1125px) 100vw, 1125px\" \/><\/span><\/figure><\/div>\n\n\n\n<div class=\"wp-block-stackable-heading stk-block-heading stk-block-heading--v2 stk-block stk-3e56f3e\" id=\"title-3-placeholder\" data-block-id=\"3e56f3e\"><style>.stk-3e56f3e .stk-block-heading__text{font-weight:bold !important;}<\/style><h3 class=\"stk-block-heading__text has-text-align-center\">M\u00e9todos de Preparaci\u00f3n<\/h3><\/div>\n\n\n\n<div class=\"wp-block-buttons is-content-justification-center is-layout-flex wp-container-core-buttons-is-layout-a89b3969 wp-block-buttons-is-layout-flex\">\n<div class=\"wp-block-button\"><a class=\"wp-block-button__link wp-element-button\" href=\"https:\/\/monterosacoffeecol.com\/?product_cat=metodos-de-preparacion\">Comprar ahora<\/a><\/div>\n<\/div>\n<\/div><\/div><\/div>\n<\/div><div class=\"stk-block-carousel__buttons\"><button class=\"stk-block-carousel__button stk-block-carousel__button__prev\" aria-label=\"Previous slide\"><svg aria-hidden=\"true\" focusable=\"false\" data-prefix=\"fas\" data-icon=\"chevron-left\" class=\"svg-inline--fa fa-chevron-left\" xmlns=\"http:\/\/www.w3.org\/2000\/svg\" viewBox=\"0 0 320 512\" width=\"32\" height=\"32\"><path d=\"M34.52 239.03L228.87 44.69c9.37-9.37 24.57-9.37 33.94 0l22.67 22.67c9.36 9.36 9.37 24.52.04 33.9L131.49 256l154.02 154.75c9.34 9.38 9.32 24.54-.04 33.9l-22.67 22.67c-9.37 9.37-24.57 9.37-33.94 0L34.52 272.97c-9.37-9.37-9.37-24.57 0-33.94z\"><\/path><\/svg><\/button><button class=\"stk-block-carousel__button stk-block-carousel__button__next\" aria-label=\"Next slide\"><svg aria-hidden=\"true\" focusable=\"false\" data-prefix=\"fas\" data-icon=\"chevron-right\" class=\"svg-inline--fa fa-chevron-right\" xmlns=\"http:\/\/www.w3.org\/2000\/svg\" viewBox=\"0 0 320 512\" width=\"32\" height=\"32\"><path d=\"M285.476 272.971L91.132 467.314c-9.373 9.373-24.569 9.373-33.941 0l-22.667-22.667c-9.357-9.357-9.375-24.522-.04-33.901L188.505 256 34.484 101.255c-9.335-9.379-9.317-24.544.04-33.901l22.667-22.667c9.373-9.373 24.569-9.373 33.941 0L285.475 239.03c9.373 9.372 9.373 24.568.001 33.941z\"><\/path><\/svg><\/button><\/div><\/div><div class=\"stk-block-carousel__dots\" role=\"list\" data-label=\"Slide %%d\"><\/div><\/div><\/div>\n","protected":false},"excerpt":{"rendered":"<p>Otros m\u00e9todos y filtros Adem\u00e1s de los m\u00e9todos m\u00e1s conocidos, existen alternativas que permiten descubrir nuevas texturas, aromas y experiencias en cada taza de caf\u00e9: de papel \u2192 taza ligera y limpia, con notas brillantes. Syphon (sif\u00f3n japon\u00e9s) \u2192 una preparaci\u00f3n visualmente sorprendente, con un perfil arom\u00e1tico y muy limpio. Kalita Wave \u2192 m\u00e9todo de [&hellip;]<\/p>\n","protected":false},"author":1,"featured_media":0,"parent":0,"menu_order":0,"comment_status":"closed","ping_status":"closed","template":"","meta":{"_joinchat":[],"footnotes":""},"class_list":["post-966","page","type-page","status-publish","hentry"],"blocksy_meta":[],"jetpack_sharing_enabled":true,"_links":{"self":[{"href":"https:\/\/monterosacoffeecol.com\/index.php?rest_route=\/wp\/v2\/pages\/966","targetHints":{"allow":["GET"]}}],"collection":[{"href":"https:\/\/monterosacoffeecol.com\/index.php?rest_route=\/wp\/v2\/pages"}],"about":[{"href":"https:\/\/monterosacoffeecol.com\/index.php?rest_route=\/wp\/v2\/types\/page"}],"author":[{"embeddable":true,"href":"https:\/\/monterosacoffeecol.com\/index.php?rest_route=\/wp\/v2\/users\/1"}],"replies":[{"embeddable":true,"href":"https:\/\/monterosacoffeecol.com\/index.php?rest_route=%2Fwp%2Fv2%2Fcomments&post=966"}],"version-history":[{"count":4,"href":"https:\/\/monterosacoffeecol.com\/index.php?rest_route=\/wp\/v2\/pages\/966\/revisions"}],"predecessor-version":[{"id":1260,"href":"https:\/\/monterosacoffeecol.com\/index.php?rest_route=\/wp\/v2\/pages\/966\/revisions\/1260"}],"wp:attachment":[{"href":"https:\/\/monterosacoffeecol.com\/index.php?rest_route=%2Fwp%2Fv2%2Fmedia&parent=966"}],"curies":[{"name":"wp","href":"https:\/\/api.w.org\/{rel}","templated":true}]}}